n 104690 is divided by 8667.
686
What is the remainder when 114242592 is divided by 465?
462
Calculate the remainder when 1959676 is divided by 962.
82
What is the remainder when 39907720 is divided by 4434189?
19
What is the remainder when 5992931 is divided by 1997639?
14
What is the remainder when 54808 is divided by 1659?
61
What is the remainder when 1235340 is divided by 34315?
0
Calculate the remainder when 2949162 is divided by 983054.
0
Calculate the remainder when 1051072 is divided by 23.
18
What is the remainder when 949431 is divided by 740?
11
Calculate the remainder when 623333 is divided by 124546.
603
Calculate the remainder when 11562 is divided by 143.
122
Calculate the remainder when 104292 is divided by 141.
93
Calculate the remainder when 300499 is divided by 298315.
2184
Calculate the remainder when 32232238 is divided by 12.
10
Calculate the remainder when 9116 is divided by 3089.
2938
What is the remainder when 98498 is divided by 59?
27
Calculate the remainder when 45712 is divided by 45618.
94
What is the remainder when 36863898 is divided by 4286?
12
Calculate the remainder when 19036410 is divided by 379.
377
What is the remainder when 4415817 is divided by 1471934?
15
What is the remainder when 300842 is divided by 158?
10
What is the remainder when 1997265 is divided by 1015?
760
What is the remainder when 2297575 is divided by 38?
19
What is the remainder when 1361066 is divided by 70?
56
What is the remainder when 43425395 is divided by 14?
13
Calculate the remainder when 1218216 is divided by 557.
57
What is the remainder when 8519588 is divided by 313?
41
Calculate the remainder when 201744 is divided by 8323.
1992
What is the remainder when 29431 is divided by 27911?
1520
What is the remainder when 3435954 is divided by 1053?
15
Calculate the remainder when 316394535 is divided by 66.
39
Calculate the remainder when 1125526 is divided by 1985.
31
What is the remainder when 7511325 is divided by 1502263?
10
What is the remainder when 490063 is divided by 253?
2
What is the remainder when 44484172 is divided by 2028?
2020
What is the remainder when 214691 is divided by 1759?
93
Calculate the remainder when 50268 is divided by 301.
1
What is the remainder when 10179449 is divided by 508954?
369
What is the remainder when 4822664 is divided by 97?
18
What is the remainder when 9461 is divided by 2156?
837
What is the remainder when 54855 is divided by 321?
285
What is the remainder when 328791 is divided by 1197?
813
What is the remainder when 85877215 is divided by 9506?
11
Calculate the remainder when 2273764 is divided by 1113.
1018
Calculate the remainder when 774590 is divided by 18442.
26
Calculate the remainder when 137171 is divided by 108.
11
What is the remainder when 7730709 is divided by 258?
255
Calculate the remainder when 18418197 is divided by 529.
4
Calculate the remainder when 153893 is divided by 50586.
2135
What is the remainder when 60790 is divided by 2091?
151
What is the remainder when 157138 is divided by 22435?
93
Calculate the remainder when 23830494 is divided by 46.
10
Calculate the remainder when 36396 is divided by 5934.
792
Calculate the remainder when 175527616 is divided by 238.
236
What is the remainder when 39671 is divided by 479?
393
Calculate the remainder when 1691919 is divided by 8253.
54
What is the remainder when 8430766 is divided by 5230?
6
What is the remainder when 19391364 is divided by 926?
924
Calculate the remainder when 46836842 is divided by 247.
208
What is the remainder when 15299 is divided by 323?
118
Calculate the remainder when 39298874 is divided by 1587.
1580
What is the remainder when 7299145 is divided by 30?
25
Calculate the remainder when 1807029 is divided by 595.
14
Calculate the remainder when 324584 is divided by 1566.
422
What is the remainder when 202378779 is divided by 3433?
3429
What is the remainder when 11801196 is divided by 3235?
3151
Calculate the remainder when 304230 is divided by 245.
185
Calculate the remainder when 13956425 is divided by 19492.
153
Calculate the remainder when 230895 is divided by 7215.
15
What is the remainder when 29019683 is divided by 1314?
1307
Calculate the remainder when 16302517 is divided by 82.
15
What is the remainder when 84826 is divided by 4368?
1834
What is the remainder when 796809 is divided by 276?
273
Calculate the remainder when 52468 is divided by 13084.
132
What is the remainder when 1031997 is divided by 734?
727
Calculate the remainder when 1628682 is divided by 13358.
12364
Calculate the remainder when 886169 is divided by 11975.
19
Calculate the remainder when 746624 is divided by 246.
14
What is the remainder when 3376292 is divided by 308?
304
What is the remainder when 464628 is divided by 27331?
1
What is the remainder when 1155907 is divided by 6594?
1957
Calculate the remainder when 12718 is divided by 3531.
2125
What is the remainder when 103946324 is divided by 75?
74
What is the remainder when 701977609 is divided by 38?
37
Calculate the remainder when 16580012 is divided by 582.
578
Calculate the remainder when 958518 is divided by 3475.
2893
Calculate the remainder when 698030 is divided by 787.
748
What is the remainder when 25900518 is divided by 588648?
6
What is the remainder when 338243 is divided by 284?
283
What is the remainder when 54698021 is divided by 115?
111
What is the remainder when 1138424 is divided by 3836?
2968
Calculate the remainder when 579414 is divided by 6295.
274
What is the remainder when 167456 is divided by 125?
81
Calculate the remainder when 100899339 is divided by 8408278.
3
What is the remainder when 37467 is divided by 56?
3
Calculate the remainder when 17006 is divided by 2070.
446
Calculate the remainder when 214879333 is divided by 27.
22
What is the remainder when 2848445 is divided by 4047?
3404
Calculate the remainder when 3647064 is divided by 1701.
120
What is the remainder when 19141 is divided by 17448?
1693
What is the remainder when 197618 is divided by 1689?
5
Calculate the remainder when 4889943 is divided by 212605.
28
Calculate the remainder when 449517 is divided by 1965.
1497
Calculate the remainder when 503011 is divided by 3928.
227
What is the remainder when 3198029 is divided by 319790?
129
Calculate the remainder when 355241 is divided by 4246.
2823
What is the remainder when 420418276 is divided by 31?
27
What is the remainder when 442494 is divided by 1606?
844
What is the remainder when 38266658 is divided by 7653330?
8
What is the remainder when 111850468 is divided by 1895?
1883
What is the remainder when 98941 is divided by 185?
151
Calculate the remainder when 3215937 is divided by 2660.
2657
What is the remainder when 247632 is divided by 6356?
6104
Calculate the remainder when 57982 is divided by 4.
2
What is the remainder when 640483 is divided by 24633?
25
Calculate the remainder when 23127925 is divided by 154186.
25
Calculate the remainder when 45000819 is divided by 15000248.
75
Calculate the remainder when 15447 is divided by 8017.
7430
Calculate the remainder when 1975317 is divided by 59.
56
Calculate the remainder when 68294 is divided by 4876.
30
Calculate the remainder when 6967652 is divided by 5.
2
Calculate the remainder when 10658328 is divided by 10658304.
24
Calculate the remainder when 1594020 is divided by 5027.
461
What is the remainder when 56388442 is divided by 28799?
0
Calculate the remainder when 7126078 is divided by 48.
46
Calculate the remainder when 17905 is divided by 1217.
867
Calculate the remainder when 101811 is divided by 3745.
696
Calculate the remainder when 32080369 is divided by 978.
13
Calculate the remainder when 48692 is divided by 11964.
836
What is the remainder when 1006961 is divided by 503468?
25
What is the remainder when 5861851 is divided by 3?
1
What is the remainder when 251725 is divided by 1924?
1605
What is the remainder when 1890223 is divided by 48467?
10
What is the remainder when 6801242 is divided by 67?
5
Calculate the remainder when 1005509 is divided by 2372.
2153
Calculate the remainder when 57301 is divided by 1558.
1213
Calculate the remainder when 186783152 is divided by 334.
332
What is the remainder when 3361632 is divided by 2432?
608
W